7597?
True
Is 303 a factor of 1192911?
True
Is 58 a factor of 608389?
False
Is 7734804 a multiple of 847?
True
Is 4370670 a multiple of 127?
False
Does 118 divide 555898?
True
Is 21 a factor of 108468?
False
Is 81627 a multiple of 23?
True
Is 13140900 a multiple of 628?
True
Is 57 a factor of 1587507?
True
Is 2293464 a multiple of 14?
False
Is 294233 a multiple of 3?
False
Is 48 a factor of 21213?
False
Is 3325 a multiple of 24?
False
Is 38 a factor of 1225462?
True
Does 109 divide 2766638?
True
Is 684643 a multiple of 98?
False
Is 293 a factor of 2717441?
False
Is 13 a factor of 39476?
False
Is 19674 a multiple of 10?
False
Does 38 divide 1567500?
True
Is 306 a factor of 876996?
True
Is 192 a factor of 1893888?
True
Is 2026752 a multiple of 312?
True
Is 54972 a multiple of 27?
True
Is 1117045 a multiple of 38?
False
Is 66024 a multiple of 168?
True
Is 176605 a multiple of 11?
True
Is 344014 a multiple of 38?
True
Is 9 a factor of 39123?
True
Is 5544714 a multiple of 1358?
True
Does 316 divide 1118008?
True
Is 669828 a multiple of 4?
True
Is 10 a factor of 156600?
True
Is 104 a factor of 330612?
False
Does 11 divide 617489?
False
Is 146114 a multiple of 86?
True
Does 267 divide 319866?
True
Is 246315 a multiple of 140?
False
Is 40 a factor of 24980?
False
Is 26 a factor of 5561602?
False
Is 278174 a multiple of 27?
False
Is 429750 a multiple of 50?
True
Is 273 a factor of 126539?
False
Is 160838 a multiple of 365?
False
Does 450 divide 983502?
False
Is 3901189 a multiple of 6?
False
Does 20 divide 3175880?
True
Does 472 divide 14363526?
False
Is 3965760 a multiple of 243?
True
Does 212 divide 16651?
False
Does 37 divide 68631?
False
Is 223 a factor of 13549257?
True
Does 7 divide 3506601?
True
Does 43 divide 130247?
True
Is 8 a factor of 41901?
False
Does 32 divide 10754621?
False
Does 30 divide 1552737?
False
Is 49 a factor of 178795?
False
Does 3 divide 1226001?
True
Does 43 divide 293012?
False
Is 1439883 a multiple of 17?
True
Is 11926449 a multiple of 18?
False
Is 5 a factor of 46315?
True
Is 71 a factor of 1250807?
True
Is 3347820 a multiple of 315?
True
Is 6 a factor of 342433?
False
Does 11 divide 768992?
False
Is 182 a factor of 1151878?
True
Is 1724120 a multiple of 39?
False
Is 2834040 a multiple of 10?
True
Is 95 a factor of 105103?
False
Is 29469 a multiple of 342?
False
Does 28 divide 354057?
False
Is 327097 a multiple of 31?
False
Is 21 a factor of 93936?
False
Does 422 divide 1242790?
True
Does 304 divide 155648?
True
Is 5314266 a multiple of 12?
False
Is 1328570 a multiple of 4?
False
Is 8 a factor of 5080832?
True
Is 93070 a multiple of 31?
False
Is 35150 a multiple of 10?
True
Is 350957 a multiple of 23?
True
Does 2 divide 15591?
False
Is 331782 a multiple of 22?
True
Does 7 divide 965930?
True
Does 136 divide 36584?
True
Does 45 divide 420300?
True
Is 4177679 a multiple of 11?
True
Is 340 a factor of 3283955?
False
Is 123 a factor of 3825819?
False
Is 242320 a multiple of 4?
True
Does 13 divide 9827576?
False
Does 159 divide 472820?
False
Does 8 divide 5797187?
False
Is 8 a factor of 1492698?
False
Is 74477 a multiple of 17?
True
Is 989763 a multiple of 267?
False
Is 225602 a multiple of 488?
False
Does 151 divide 28156545?
False
Is 36204 a multiple of 28?
True
Does 155 divide 448994?
False
Does 16 divide 127613?
False
Does 19 divide 279226?
False
Does 41 divide 445293?
False
Is 1139968 a multiple of 16?
True
Does 73 divide 854241?
False
Is 7051808 a multiple of 36?
False
Is 57 a factor of 1126375?
False
Is 3173922 a multiple of 9?
True
Does 276 divide 241245?
False
Is 6 a factor of 43565?
False
Is 665380 a multiple of 476?
False
Is 5 a factor of 226950?
True
Is 1900425 a multiple of 25?
True
Is 612 a factor of 3228300?
True
Is 1472 a factor of 5023936?
True
Is 177373 a multiple of 120?
False
Is 92 a factor of 117431?
False
Is 94846 a multiple of 8?
False
Is 41 a factor of 36572?
True
Does 62 divide 6915399?
False
Does 615 divide 763215?
True
Does 576 divide 888659?
False
Is 3130612 a multiple of 1417?
False
Does 951 divide 228240?
True
Is 4253475 a multiple of 61?
False
Does 17 divide 70290?
False
Is 2 a factor of 19725?
False
Does 6 divide 44402?
False
Does 43 divide 3999?
True
Is 171 a factor of 171855?
True
Is 21 a factor of 1091275?
False
Does 106 divide 3300522?
True
Is 39000 a multiple of 104?
True
Does 15 divide 27918?
False
Is 7 a factor of 9072?
True
Does 41 divide 311805?
True
Does 31 divide 1480591?
True
Does 11 divide 790370?
False
Is 61767 a multiple of 2?
False
Is 140440 a multiple of 20?
True
Is 23 a factor of 79672?
True
Is 141370 a multiple of 335?
True
Does 39 divide 1031940?
True
Is 23417022 a multiple of 42?
False
Is 2460 even?
True
Does 13 divide 1208090?
True
Does 18 divide 162863?
False
Is 88 a factor of 692560?
True
Does 766 divide 10459455?
False
Is 38676 a multiple of 16?
False
Is 364 a factor of 3704792?
True
Is 301706 a multiple of 36?
False
Is 20 a factor of 1044780?
True
Is 98784 a multiple of 48?
True
Is 20 a factor of 12286?
False
Is 17 a factor of 65217?
False
Is 8 a factor of 5576?
True
Does 397 divide 609792?
True
Is 7350058 a multiple of 72?
False
Is 325627 a multiple of 7?
False
Is 15741 a multiple of 18?
False
Does 12 divide 225784?
False
Does 49 divide 318304?
True
Is 1367269 a multiple of 475?
False
Is 453696 a multiple of 556?
True
Is 308 a factor of 90244?
True
Is 330 a factor of 22440?
True
Does 325 divide 12803272?
False
Does 27 divide 5076?
True
Is 156 a factor of 1150500?
True
Is 7846172 a multiple of 796?
True
Is 875012 a multiple of 92?
True
Does 14 divide 679694?
False
Does 13 divide 87373?
True
Is 188569 a multiple of 269?
True
Is 9469440 a multiple of 256?
True
Is 1225 a factor of 5787220?
False
Is 2835104 a multiple of 304?
True
Is 399 a factor of 296457?
True
Does 29 divide 20635?
False
Is 12 a factor of 130932?
True
Is 13 a factor of 318773?
True
Does 515 divide 1342085?
False
Does 3 divide 11690?
False
Is 3248781 a multiple of 257?
False
Is 129 a factor of 136740?
True
Is 576471 a multiple of 7?
True
Is 72 a factor of 53842?
False
Is 188626 a multiple of 37?
True
Is 67 a factor of 57405?
False
Is 184832 a multiple of 16?
True
Is 743439 a multiple of 730?
False
Does 7 divide 116564?
True
Is 2182153 a multiple of 431?
True
Is 110 a factor of 35750?
True
Is 4 a factor of 26988?
True
Does 11 divide 13977?
False
Does 208 divide 364679?
False
Does 68 divide 176577?
False
Does 158 divide 5536162?
True
Is 95285 a multiple of 151?
False
Is 67 a factor of 440525?
True
Is 24 a factor of 378874?
False
Is 3956327 a multiple of 166?
False
Is 14 a factor of 271069?
False
Is 88560 a multiple of 24?
True
Is 173901 a multiple of 91?
True
Is 180 a factor of 1636200?
True
Is 1379532 a multiple of 44?
True
Is 62 a factor of 56720?
False
Does 24 divide 104232?
True
Does 8 divide 243016?
True
Does 17 divide 796586?
True
Is 110 a factor of 2535402?
False
Does 146 divide 1007551?
False
Is 2179170 a multiple of 18?
True
Does 24 divide 5486658?
False
Does 173 divide 304134?
True
Does 114 divide 5120287?
False
Is 43 a factor of 81829?
True
Is 946534 a multiple of 24?
False
Does 32 divide 1447622?
False
Is 117105 a multiple of 111?
True
Is 508 a factor of 10460228?
True
Is 121 a factor of 110226?
False
Is 58 a factor of 268174?
False
Is 78384 a multiple of 4?
True
Is 663334 a multiple of 742?
False
Does 18 divide 8515446?
False
Does 51 divide 126158?
False
Does 16 divide 725860?
False
Is 419691 a multiple of 32?
False
Is 1190535 a multiple of 30?
False
Does 284 divide 554084?
True
Is 830 a factor of 8422840?
True
Does 745 divide 4282260?
True
Does 3 divide 88883?
False
Is 23 a factor of 179488?
False
Does 43 divide 106061?
False
Is 11 a factor of 198065?
False
Does 7 divide 11565967?
True
Does 22 divide 154607?
False
Is 13 a factor of 1110539?
False
Is 83 a factor of 996332?
True
Is 11 a factor of 512655?
True
Does 171 divide 533725?
False
Is 77832 a multiple of 141?
True
Does 4 divide 4105?
False
Is 604 a factor of 904188?
True
Is 324 a factor of 23652?
True
Is 15 a factor of 2540064?
False
Is 2123298 a multiple of 358?
True
Is 198 a factor of 2012423?
False
Is 10 a factor of 199820?
True
Is 10065662 a multiple of 1087?
False
Is 129759 a multiple of 501?
True
Is 6743318 a multiple of 198?
Fa